{"id":705,"date":"2025-08-27T20:36:15","date_gmt":"2025-08-27T20:36:15","guid":{"rendered":"https:\/\/meridiens.org\/meridienjmstephf\/?page_id=705"},"modified":"2025-12-14T18:48:54","modified_gmt":"2025-12-14T18:48:54","slug":"endocrinologie","status":"publish","type":"page","link":"https:\/\/meridiens.org\/meridienjmstephf\/?page_id=705","title":{"rendered":"Endocrinologie"},"content":{"rendered":"<div class=\"wp-block-image\">\n<figure class=\"aligncenter size-full is-resized\"><img loading=\"lazy\" decoding=\"async\" width=\"1541\" height=\"962\" src=\"https:\/\/meridiens.org\/meridienjmstephf\/wp-content\/uploads\/2025\/08\/Colibri-Madere-Jardin-de-Balata-Fort-de-France-Martinique-France.jpg\" alt=\"Colibri Mad\u00e8re butinant une rose porcelaine rouge \u2013 Jardin de Balata \u2013 Fort-de-France \u2013 Martinique \u2013 France\" class=\"wp-image-770\" style=\"width:1000px\" srcset=\"https:\/\/meridiens.org\/meridienjmstephf\/wp-content\/uploads\/2025\/08\/Colibri-Madere-Jardin-de-Balata-Fort-de-France-Martinique-France.jpg 1541w, https:\/\/meridiens.org\/meridienjmstephf\/wp-content\/uploads\/2025\/08\/Colibri-Madere-Jardin-de-Balata-Fort-de-France-Martinique-France-300x187.jpg 300w, https:\/\/meridiens.org\/meridienjmstephf\/wp-content\/uploads\/2025\/08\/Colibri-Madere-Jardin-de-Balata-Fort-de-France-Martinique-France-1024x639.jpg 1024w, https:\/\/meridiens.org\/meridienjmstephf\/wp-content\/uploads\/2025\/08\/Colibri-Madere-Jardin-de-Balata-Fort-de-France-Martinique-France-768x479.jpg 768w, https:\/\/meridiens.org\/meridienjmstephf\/wp-content\/uploads\/2025\/08\/Colibri-Madere-Jardin-de-Balata-Fort-de-France-Martinique-France-1536x959.jpg 1536w, https:\/\/meridiens.org\/meridienjmstephf\/wp-content\/uploads\/2025\/08\/Colibri-Madere-Jardin-de-Balata-Fort-de-France-Martinique-France-624x390.jpg 624w\" sizes=\"auto, (max-width: 1541px) 100vw, 1541px\" \/><figcaption class=\"wp-element-caption\">Colibri Mad\u00e8re butinant une rose porcelaine rouge \u2013 Jardin de Balata \u2013 Fort-de-France \u2013 Martinique \u2013 France<\/figcaption><\/figure>\n<\/div>\n\n\n<h4 class=\"wp-block-heading\"><a href=\"https:\/\/meridiens.org\/meridienjmstephf\/?p=707\" data-type=\"post\" data-id=\"707\">Apport de l\u2019acupuncture et des techniques associ\u00e9es dans la neuropathie diab\u00e9tique&nbsp;: synth\u00e8se \u00e0 partir d\u2019une \u00e9tude de cas<\/a><\/h4>\n\n\n\n<p><strong>R\u00e9sum\u00e9.<\/strong><em><strong>&nbsp;<\/strong>Introduction.<\/em>&nbsp;L\u2019incidence des neuropathies diab\u00e9tiques est estim\u00e9e entre 10 \u00e0 26% au bout de dix ans apr\u00e8s le diagnostic de diab\u00e8te de type 2. Les traitements usuels des sympt\u00f4mes douloureux reposent sur les antid\u00e9presseurs tricycliques, la gabapentine, la pr\u00e9gabaline, la dulox\u00e9tine, \u00e9ventuellement les opiac\u00e9s ou la capsa\u00efcine topique. Mais les effets secondaires de ces diff\u00e9rentes mol\u00e9cules ne sont pas n\u00e9gligeables. L\u2019acupuncture et les techniques associ\u00e9es (\u00e9lectroacupuncture -EA-, moxibustion) peuvent-elles avoir leur place dans la th\u00e9rapeutique classique ?&nbsp;<em>M\u00e9thodes.<\/em>&nbsp;A partir d\u2019une \u00e9tude de cas d\u2019une femme de 73 ans diab\u00e9tique de type 2 et pr\u00e9sentant des douleurs neuropathiques, un protocole a \u00e9t\u00e9 choisi en fonction de la diff\u00e9renciation des syndromes (<em>bianzheng<\/em>) correspondant ici \u00e0 un \u00e9tat de Pl\u00e9nitude-Chaleur, et aussi selon les donn\u00e9es de l\u2019acupuncture fond\u00e9e sur les preuves. Les points utilis\u00e9s sont donc :&nbsp;<em>baxie&nbsp;<\/em>et<em>&nbsp;bafeng<\/em>, 39VB (<em>xuanzhong<\/em>), 5TR (<em>waiguan<\/em>), 4Rt (<em>gongsun<\/em>), 12JM (<em>zhongwan<\/em>), 6Rt (<em>sanyinjiao<\/em>), 36E (<em>zusanli<\/em>), 40E (<em>fenglong<\/em>), 4GI (<em>hegu<\/em>), 20V (<em>pishu<\/em>), 7P (<em>lieque<\/em>), 23V (<em>shenshu<\/em>), 11GI (<em>quchi<\/em>). L\u2019EA a \u00e9t\u00e9 appliqu\u00e9e sur 6Rt (<em>sanyinjiao<\/em>) et 36E (<em>zusanli<\/em>) \u00e0 la fr\u00e9quence altern\u00e9e 3\/80 Hz (dur\u00e9e de l\u2019impulsion : 300\u00b5s), et \u00e0 la fr\u00e9quence de 2Hz (300\u00b5s) sur 39VB (<em>xuanzhong<\/em>) et 5TR (<em>waiguan<\/em>).<em>&nbsp;R\u00e9sultats.<\/em>&nbsp;Appliqu\u00e9es pendant plus de trois ans, \u00e0 raison d\u2019une s\u00e9ance tous les quinze jours, l\u2019acupuncture et EA ont am\u00e9lior\u00e9 la qualit\u00e9 de la vie en diminuant sensiblement les douleurs neuropathiques.&nbsp;<em>Conclusion.<\/em>&nbsp;L\u2019acupuncture et l\u2019EA doivent \u00eatre int\u00e9gr\u00e9es au panel de soins usuel dans le cadre de la m\u00e9decine int\u00e9grative.<strong>&nbsp;Mots cl\u00e9s<\/strong>. Neuropathie diab\u00e9tique \u2013 acupuncture \u2013 \u00e9lectroacupuncture \u2013&nbsp;<em>bianzheng&nbsp;<\/em>\u2013 neurologie \u2013 m\u00e9decine fond\u00e9e sur les preuves \u2013 acupuncture exp\u00e9rimentale<\/p>\n\n\n<div class=\"wp-block-image\">\n<figure class=\"aligncenter size-full is-resized\"><a href=\"https:\/\/meridiens.org\/meridienjmstephf\/?p=707\"><img loading=\"lazy\" decoding=\"async\" width=\"1742\" height=\"1123\" src=\"https:\/\/meridiens.org\/meridienjmstephf\/wp-content\/uploads\/2025\/08\/Volkingen.jpg\" alt=\"Usine sid\u00e9rurgique de V\u00f6lklingen \u2013 patrimoine mondial de l\u2019UNESCO (1994) \u2013 Communaut\u00e9 urbaine de Sarrebruck \u2013 Sarre \u2013 Allemagne\" class=\"wp-image-783\" style=\"width:800px\" srcset=\"https:\/\/meridiens.org\/meridienjmstephf\/wp-content\/uploads\/2025\/08\/Volkingen.jpg 1742w, https:\/\/meridiens.org\/meridienjmstephf\/wp-content\/uploads\/2025\/08\/Volkingen-300x193.jpg 300w, https:\/\/meridiens.org\/meridienjmstephf\/wp-content\/uploads\/2025\/08\/Volkingen-1024x660.jpg 1024w, https:\/\/meridiens.org\/meridienjmstephf\/wp-content\/uploads\/2025\/08\/Volkingen-768x495.jpg 768w, https:\/\/meridiens.org\/meridienjmstephf\/wp-content\/uploads\/2025\/08\/Volkingen-1536x990.jpg 1536w, https:\/\/meridiens.org\/meridienjmstephf\/wp-content\/uploads\/2025\/08\/Volkingen-624x402.jpg 624w\" sizes=\"auto, (max-width: 1742px) 100vw, 1742px\" \/><\/a><figcaption class=\"wp-element-caption\">Usine sid\u00e9rurgique de V\u00f6lklingen \u2013 patrimoine mondial de l\u2019UNESCO (1994) \u2013 Communaut\u00e9 urbaine de Sarrebruck \u2013 Sarre \u2013 Allemagne<\/figcaption><\/figure>\n<\/div>\n\n\n<p>L\u2019usine sid\u00e9rurgique de V\u00f6lklingen (en allemand : V\u00f6lklinger H\u00fctte) est un complexe sid\u00e9rurgique situ\u00e9 dans la ville allemande de V\u00f6lklingen en Sarre. L\u2019\u00e9dification de l\u2019usine d\u00e9bute en 1873, et le centre devient rapidement un complexe industriel unique en Europe, assurant toutes les \u00e9tapes de la production de fonte et d\u2019acier. Au pic de production durant l\u2019apr\u00e8s-guerre, l\u2019usine emploie jusqu\u2019\u00e0 17 000 ouvriers. Ferm\u00e9 en 1986, l\u2019ensemble est inscrit au patrimoine mondial de l\u2019UNESCO en 1994 : c\u2019est le premier monument industriel \u00e0 figurer sur cette liste. C\u2019est aussi le point de d\u00e9part de la route europ\u00e9enne du patrimoine industriel<\/p>\n\n\n\n<h4 class=\"wp-block-heading\"><a href=\"https:\/\/meridiens.org\/meridienjmstephf\/?p=709\" data-type=\"post\" data-id=\"709\"> \u00c0 propos d\u2019un cas clinique de diab\u00e8te de type 2 : effets imm\u00e9diats de l\u2019acupuncture et de l\u2019\u00e9lectroacupuncture. Quels effets \u00e0 long terme&nbsp;?<\/a><\/h4>\n\n\n\n<p><strong>R\u00e9sum\u00e9.&nbsp;<\/strong><em>Introduction.<\/em>&nbsp;En France en 2016, la pr\u00e9valence globale du diab\u00e8te \u00e9tait estim\u00e9e \u00e0 5% de la population, \u00e0 laquelle s\u2019ajoute celle de pr\u00e8s de 20% de syndrome m\u00e9tabolique responsable \u00e0 plus ou moins long terme de ce m\u00eame diab\u00e8te de type 2 et des complications cardio-vasculaires. L\u2019acupuncture et l\u2019\u00e9lectroacupuncture (EA) peuvent-elles avoir leur place&nbsp;dans la th\u00e9rapeutique classique ?<\/p>\n\n\n<div class=\"wp-block-image\">\n<figure class=\"aligncenter size-full is-resized\"><a href=\"https:\/\/meridiens.org\/meridienjmstephf\/?p=709\"><img loading=\"lazy\" decoding=\"async\" width=\"1527\" height=\"1031\" src=\"https:\/\/meridiens.org\/meridienjmstephf\/wp-content\/uploads\/2025\/08\/Parlement-Hongrois-neo-gothique-eclectique-1885-1904-Budapest-Hongrie.jpg\" alt=\"Parlement Hongrois (n\u00e9o-gothique -\u00e9clectique) 1885-1904 \u2013 Budapest \u2013 Hongrie\" class=\"wp-image-776\" style=\"width:800px\" srcset=\"https:\/\/meridiens.org\/meridienjmstephf\/wp-content\/uploads\/2025\/08\/Parlement-Hongrois-neo-gothique-eclectique-1885-1904-Budapest-Hongrie.jpg 1527w, https:\/\/meridiens.org\/meridienjmstephf\/wp-content\/uploads\/2025\/08\/Parlement-Hongrois-neo-gothique-eclectique-1885-1904-Budapest-Hongrie-300x203.jpg 300w, https:\/\/meridiens.org\/meridienjmstephf\/wp-content\/uploads\/2025\/08\/Parlement-Hongrois-neo-gothique-eclectique-1885-1904-Budapest-Hongrie-1024x691.jpg 1024w, https:\/\/meridiens.org\/meridienjmstephf\/wp-content\/uploads\/2025\/08\/Parlement-Hongrois-neo-gothique-eclectique-1885-1904-Budapest-Hongrie-768x519.jpg 768w, https:\/\/meridiens.org\/meridienjmstephf\/wp-content\/uploads\/2025\/08\/Parlement-Hongrois-neo-gothique-eclectique-1885-1904-Budapest-Hongrie-624x421.jpg 624w\" sizes=\"auto, (max-width: 1527px) 100vw, 1527px\" \/><\/a><figcaption class=\"wp-element-caption\">Parlement Hongrois (n\u00e9o-gothique -\u00e9clectique) 1885-1904 \u2013 Budapest \u2013 Hongrie<\/figcaption><\/figure>\n<\/div>\n\n\n<p><em>M\u00e9thodes.&nbsp;<\/em>A partir d\u2019une \u00e9tude de cas d\u2019un homme de 51 ans pr\u00e9sentant un diab\u00e8te de type 2 avec traitement usuel, un protocole agissant selon la diff\u00e9renciation des syndromes (<em>bianzheng<\/em>) sur le Vide de&nbsp;<em>yin<\/em>&nbsp;et de&nbsp;<em>yang<\/em>&nbsp;des Reins a \u00e9t\u00e9 appliqu\u00e9 par EA \u00e0 la fr\u00e9quence altern\u00e9e 3\/80 Hz (dur\u00e9e de l\u2019impulsion : 300\u00b5s) sur 6MC (<em>neiguan<\/em>), 6Rt (<em>sanyinjiao<\/em>), une EA \u00e0 15Hz (200\u00b5s) sur 36E (<em>zusanli<\/em>), 12VC (<em>zhongwan<\/em>) et 4VC (<em>guanyuan<\/em>) ; et enfin une puncture manuelle avec recherche du&nbsp;<em>deqi<\/em>&nbsp;sur les points 23V (<em>shenshu<\/em>), 3R (<em>taixi<\/em>), 4Rt (<em>gongsun<\/em>), 7C (<em>shenmen<\/em>), 20VG (<em>baihui<\/em>),&nbsp;<em>yishu<\/em>&nbsp;(EX-B3). Le crit\u00e8re principal de jugement est un test de glyc\u00e9mie al\u00e9atoire effectu\u00e9 avant et apr\u00e8s la s\u00e9ance, quinze s\u00e9ances au total sur une p\u00e9riode de dix-neuf mois. Le crit\u00e8re secondaire de jugement est l\u2019effet \u00e0 long terme mesur\u00e9 par l\u2019\u00e9volution de l\u2019h\u00e9moglobine glyqu\u00e9e (HbA1c).<\/p>\n\n\n\n<p><em>R\u00e9sultats<\/em>. Apr\u00e8s une seule s\u00e9ance d\u2019acupuncture et EA, on observe une baisse statistiquement significative de la glyc\u00e9mie (DM=0,498mm\/L&nbsp;; IC 95%&nbsp;; 0,2035 \u00e0 0,7925&nbsp;; p=0,0027, test de Student) entre les deux groupes de mesure et une tendance \u00e0 la baisse globale de la HbAC1.<\/p>\n\n\n\n<p><em>Conclusion<\/em>. L\u2019acupuncture et EA doivent \u00eatre int\u00e9gr\u00e9es au panel de soins usuel dans le cadre de la m\u00e9decine int\u00e9grative. L\u2019effet est imm\u00e9diat et dure dans le temps.<\/p>\n\n\n<div class=\"wp-block-image\">\n<figure class=\"aligncenter size-full is-resized\"><a href=\"https:\/\/meridiens.org\/meridienjmstephf\/?p=709\"><img loading=\"lazy\" decoding=\"async\" width=\"1800\" height=\"1013\" src=\"https:\/\/meridiens.org\/meridienjmstephf\/wp-content\/uploads\/2025\/08\/Merisiers-en-fleurs-Parc-Naturel-Regional-Scarpe-Escaut-France.jpg\" alt=\"Merisiers en fleurs \u2013 Parc Naturel R\u00e9gional Scarpe Escaut \u2013 France\" class=\"wp-image-777\" style=\"width:800px\" srcset=\"https:\/\/meridiens.org\/meridienjmstephf\/wp-content\/uploads\/2025\/08\/Merisiers-en-fleurs-Parc-Naturel-Regional-Scarpe-Escaut-France.jpg 1800w, https:\/\/meridiens.org\/meridienjmstephf\/wp-content\/uploads\/2025\/08\/Merisiers-en-fleurs-Parc-Naturel-Regional-Scarpe-Escaut-France-300x169.jpg 300w, https:\/\/meridiens.org\/meridienjmstephf\/wp-content\/uploads\/2025\/08\/Merisiers-en-fleurs-Parc-Naturel-Regional-Scarpe-Escaut-France-1024x576.jpg 1024w, https:\/\/meridiens.org\/meridienjmstephf\/wp-content\/uploads\/2025\/08\/Merisiers-en-fleurs-Parc-Naturel-Regional-Scarpe-Escaut-France-768x432.jpg 768w, https:\/\/meridiens.org\/meridienjmstephf\/wp-content\/uploads\/2025\/08\/Merisiers-en-fleurs-Parc-Naturel-Regional-Scarpe-Escaut-France-1536x864.jpg 1536w, https:\/\/meridiens.org\/meridienjmstephf\/wp-content\/uploads\/2025\/08\/Merisiers-en-fleurs-Parc-Naturel-Regional-Scarpe-Escaut-France-624x351.jpg 624w\" sizes=\"auto, (max-width: 1800px) 100vw, 1800px\" \/><\/a><figcaption class=\"wp-element-caption\">Merisiers en fleurs \u2013 Parc Naturel R\u00e9gional Scarpe Escaut \u2013 France<\/figcaption><\/figure>\n<\/div>\n\n\n<p><\/p>\n","protected":false},"excerpt":{"rendered":"<p>Apport de l\u2019acupuncture et des techniques associ\u00e9es dans la neuropathie diab\u00e9tique&nbsp;: synth\u00e8se \u00e0 partir d\u2019une \u00e9tude de cas R\u00e9sum\u00e9.&nbsp;Introduction.&nbsp;L\u2019incidence des neuropathies diab\u00e9tiques est estim\u00e9e entre 10 \u00e0 26% au bout de dix ans apr\u00e8s le diagnostic de diab\u00e8te de type 2. Les traitements usuels des sympt\u00f4mes douloureux reposent sur les antid\u00e9presseurs tricycliques, la gabapentine, la [&hellip;]<\/p>\n","protected":false},"author":1,"featured_media":0,"parent":0,"menu_order":0,"comment_status":"closed","ping_status":"closed","template":"","meta":{"footnotes":""},"class_list":["post-705","page","type-page","status-publish","hentry"],"_links":{"self":[{"href":"https:\/\/meridiens.org\/meridienjmstephf\/index.php?rest_route=\/wp\/v2\/pages\/705","targetHints":{"allow":["GET"]}}],"collection":[{"href":"https:\/\/meridiens.org\/meridienjmstephf\/index.php?rest_route=\/wp\/v2\/pages"}],"about":[{"href":"https:\/\/meridiens.org\/meridienjmstephf\/index.php?rest_route=\/wp\/v2\/types\/page"}],"author":[{"embeddable":true,"href":"https:\/\/meridiens.org\/meridienjmstephf\/index.php?rest_route=\/wp\/v2\/users\/1"}],"replies":[{"embeddable":true,"href":"https:\/\/meridiens.org\/meridienjmstephf\/index.php?rest_route=%2Fwp%2Fv2%2Fcomments&post=705"}],"version-history":[{"count":11,"href":"https:\/\/meridiens.org\/meridienjmstephf\/index.php?rest_route=\/wp\/v2\/pages\/705\/revisions"}],"predecessor-version":[{"id":3138,"href":"https:\/\/meridiens.org\/meridienjmstephf\/index.php?rest_route=\/wp\/v2\/pages\/705\/revisions\/3138"}],"wp:attachment":[{"href":"https:\/\/meridiens.org\/meridienjmstephf\/index.php?rest_route=%2Fwp%2Fv2%2Fmedia&parent=705"}],"curies":[{"name":"wp","href":"https:\/\/api.w.org\/{rel}","templated":true}]}}